{"id":4801,"date":"2023-04-08T17:56:40","date_gmt":"2023-04-08T17:56:40","guid":{"rendered":"https:\/\/luisferdinand.com\/house\/finca-con-vistas-a-la-bahia-de-palma-y-a-palma-ciudad\/"},"modified":"2023-04-08T18:52:54","modified_gmt":"2023-04-08T18:52:54","slug":"finca-mit-panoramablick-auf-das-meer-und-stadt-palma","status":"publish","type":"house","link":"https:\/\/luisferdinand.com\/de\/house-de\/finca-mit-panoramablick-auf-das-meer-und-stadt-palma\/","title":{"rendered":"Finca mit Panoramablick auf das Meer und Stadt Palma."},"content":{"rendered":"","protected":false},"excerpt":{"rendered":"<p>Finca mit Panoramablick auf das Meer und Stadt Palma. Die Finca hat zwei H\u00e4user, beide mit Bewohnbarkeitsbescheinigung. Eines davon ist das urspr\u00fcngliche Haus mit sch\u00f6nen alten Steinmauern und es kann ausgebaut werden,. Sind ca. 130 Quadratmeter. Das zweite Haus (oberhalb des Grundst\u00fccks) verf\u00fcgt \u00fcber drei Schlafzimmer und drei Badezimmer, ein gro\u00dfes Wohnzimmer mit offener K\u00fcche und hat auch einen gro\u00dfen Keller und eine Garage. <\/p>\n<p>Von der Poolarea besteht ein herrlicher Blick auf die Berge und die mallorquinische Landschaft.<br \/>\nDie Immobilie verf\u00fcgt \u00fcber einen Anschluss an das Stromnetz und einen eigenen Brunnen sowie zwei Zisternen.<\/p>\n<p>Santa Mar\u00eda del Cam\u00ed, h\u00e4ufiger einfach Santa Mar\u00eda genannt, hat fast 7.000 Einwohner und ist in den letzten Jahren zu einem der begehrtesten D\u00f6rfer geworden, in denen man sowohl von Bewohnern als auch von Ausl\u00e4ndern leben kann.<\/p>\n","protected":false},"author":1,"featured_media":4762,"parent":0,"menu_order":0,"template":"","meta":{"_acf_changed":false,"footnotes":""},"salerent":[],"state":[],"class_list":["post-4801","house","type-house","status-publish","has-post-thumbnail","hentry"],"acf":[],"yoast_head":"<!-- This site is optimized with the Yoast SEO plugin v24.2 - https:\/\/yoast.com\/wordpress\/plugins\/seo\/ -->\n<title>Real Estate - Jupiter X Templates<\/title>\n<meta name=\"description\" content=\"Add all the necessary details, gain buyers&#039; trust and showcase your properties and real estate using the filter and listing features that Jupiter X WP Theme&#039;s Real Estate website template offers.\" \/>\n<meta name=\"robots\" content=\"index, follow, max-snippet:-1, max-image-preview:large, max-video-preview:-1\" \/>\n<link rel=\"canonical\" href=\"https:\/\/luisferdinand.com\/de\/house-de\/finca-mit-panoramablick-auf-das-meer-und-stadt-palma\/\" \/>\n<meta property=\"og:locale\" content=\"de_DE\" \/>\n<meta property=\"og:type\" content=\"article\" \/>\n<meta property=\"og:title\" content=\"Real Estate - Jupiter X Templates\" \/>\n<meta property=\"og:description\" content=\"Add all the necessary details, gain buyers&#039; trust and showcase your properties and real estate using the filter and listing features that Jupiter X WP Theme&#039;s Real Estate website template offers.\" \/>\n<meta property=\"og:url\" content=\"https:\/\/luisferdinand.com\/de\/house-de\/finca-mit-panoramablick-auf-das-meer-und-stadt-palma\/\" \/>\n<meta property=\"og:site_name\" content=\"Luis Ferdinand\" \/>\n<meta property=\"article:modified_time\" content=\"2023-04-08T18:52:54+00:00\" \/>\n<meta property=\"og:image\" content=\"https:\/\/luisferdinand.com\/wp-content\/uploads\/2023\/04\/lf003-destacado.jpg\" \/>\n\t<meta property=\"og:image:width\" content=\"1920\" \/>\n\t<meta property=\"og:image:height\" content=\"1080\" \/>\n\t<meta property=\"og:image:type\" content=\"image\/jpeg\" \/>\n<meta name=\"twitter:card\" content=\"summary_large_image\" \/>\n<script type=\"application\/ld+json\" class=\"yoast-schema-graph\">{\"@context\":\"https:\/\/schema.org\",\"@graph\":[{\"@type\":\"WebPage\",\"@id\":\"https:\/\/luisferdinand.com\/de\/house-de\/finca-mit-panoramablick-auf-das-meer-und-stadt-palma\/\",\"url\":\"https:\/\/luisferdinand.com\/de\/house-de\/finca-mit-panoramablick-auf-das-meer-und-stadt-palma\/\",\"name\":\"Real Estate - Jupiter X Templates\",\"isPartOf\":{\"@id\":\"https:\/\/luisferdinand.com\/de\/#website\"},\"primaryImageOfPage\":{\"@id\":\"https:\/\/luisferdinand.com\/de\/house-de\/finca-mit-panoramablick-auf-das-meer-und-stadt-palma\/#primaryimage\"},\"image\":{\"@id\":\"https:\/\/luisferdinand.com\/de\/house-de\/finca-mit-panoramablick-auf-das-meer-und-stadt-palma\/#primaryimage\"},\"thumbnailUrl\":\"https:\/\/luisferdinand.com\/wp-content\/uploads\/2023\/04\/lf003-destacado.jpg\",\"datePublished\":\"2023-04-08T17:56:40+00:00\",\"dateModified\":\"2023-04-08T18:52:54+00:00\",\"description\":\"Add all the necessary details, gain buyers' trust and showcase your properties and real estate using the filter and listing features that Jupiter X WP Theme's Real Estate website template offers.\",\"breadcrumb\":{\"@id\":\"https:\/\/luisferdinand.com\/de\/house-de\/finca-mit-panoramablick-auf-das-meer-und-stadt-palma\/#breadcrumb\"},\"inLanguage\":\"de\",\"potentialAction\":[{\"@type\":\"ReadAction\",\"target\":[\"https:\/\/luisferdinand.com\/de\/house-de\/finca-mit-panoramablick-auf-das-meer-und-stadt-palma\/\"]}]},{\"@type\":\"ImageObject\",\"inLanguage\":\"de\",\"@id\":\"https:\/\/luisferdinand.com\/de\/house-de\/finca-mit-panoramablick-auf-das-meer-und-stadt-palma\/#primaryimage\",\"url\":\"https:\/\/luisferdinand.com\/wp-content\/uploads\/2023\/04\/lf003-destacado.jpg\",\"contentUrl\":\"https:\/\/luisferdinand.com\/wp-content\/uploads\/2023\/04\/lf003-destacado.jpg\",\"width\":1920,\"height\":1080},{\"@type\":\"BreadcrumbList\",\"@id\":\"https:\/\/luisferdinand.com\/de\/house-de\/finca-mit-panoramablick-auf-das-meer-und-stadt-palma\/#breadcrumb\",\"itemListElement\":[{\"@type\":\"ListItem\",\"position\":1,\"name\":\"Portada\",\"item\":\"https:\/\/luisferdinand.com\/de\/\"},{\"@type\":\"ListItem\",\"position\":2,\"name\":\"House\",\"item\":\"https:\/\/luisferdinand.com\/de\/house-de\/\"},{\"@type\":\"ListItem\",\"position\":3,\"name\":\"Finca mit Panoramablick auf das Meer und Stadt Palma.\"}]},{\"@type\":\"WebSite\",\"@id\":\"https:\/\/luisferdinand.com\/de\/#website\",\"url\":\"https:\/\/luisferdinand.com\/de\/\",\"name\":\"Luis Ferdinand\",\"description\":\"Real estate in Mallorca\",\"publisher\":{\"@id\":\"https:\/\/luisferdinand.com\/de\/#organization\"},\"potentialAction\":[{\"@type\":\"SearchAction\",\"target\":{\"@type\":\"EntryPoint\",\"urlTemplate\":\"https:\/\/luisferdinand.com\/de\/?s={search_term_string}\"},\"query-input\":{\"@type\":\"PropertyValueSpecification\",\"valueRequired\":true,\"valueName\":\"search_term_string\"}}],\"inLanguage\":\"de\"},{\"@type\":\"Organization\",\"@id\":\"https:\/\/luisferdinand.com\/de\/#organization\",\"name\":\"Luis Ferdinand\",\"url\":\"https:\/\/luisferdinand.com\/de\/\",\"logo\":{\"@type\":\"ImageObject\",\"inLanguage\":\"de\",\"@id\":\"https:\/\/luisferdinand.com\/de\/#\/schema\/logo\/image\/\",\"url\":\"https:\/\/luisferdinand.com\/wp-content\/uploads\/2023\/03\/cropped-favicon-1.png\",\"contentUrl\":\"https:\/\/luisferdinand.com\/wp-content\/uploads\/2023\/03\/cropped-favicon-1.png\",\"width\":512,\"height\":512,\"caption\":\"Luis Ferdinand\"},\"image\":{\"@id\":\"https:\/\/luisferdinand.com\/de\/#\/schema\/logo\/image\/\"},\"sameAs\":[\"https:\/\/www.youtube.com\/@luisferdinandbock9962\"]}]}<\/script>\n<!-- \/ Yoast SEO plugin. -->","yoast_head_json":{"title":"Real Estate - Jupiter X Templates","description":"Add all the necessary details, gain buyers' trust and showcase your properties and real estate using the filter and listing features that Jupiter X WP Theme's Real Estate website template offers.","robots":{"index":"index","follow":"follow","max-snippet":"max-snippet:-1","max-image-preview":"max-image-preview:large","max-video-preview":"max-video-preview:-1"},"canonical":"https:\/\/luisferdinand.com\/de\/house-de\/finca-mit-panoramablick-auf-das-meer-und-stadt-palma\/","og_locale":"de_DE","og_type":"article","og_title":"Real Estate - Jupiter X Templates","og_description":"Add all the necessary details, gain buyers' trust and showcase your properties and real estate using the filter and listing features that Jupiter X WP Theme's Real Estate website template offers.","og_url":"https:\/\/luisferdinand.com\/de\/house-de\/finca-mit-panoramablick-auf-das-meer-und-stadt-palma\/","og_site_name":"Luis Ferdinand","article_modified_time":"2023-04-08T18:52:54+00:00","og_image":[{"width":1920,"height":1080,"url":"https:\/\/luisferdinand.com\/wp-content\/uploads\/2023\/04\/lf003-destacado.jpg","type":"image\/jpeg"}],"twitter_card":"summary_large_image","schema":{"@context":"https:\/\/schema.org","@graph":[{"@type":"WebPage","@id":"https:\/\/luisferdinand.com\/de\/house-de\/finca-mit-panoramablick-auf-das-meer-und-stadt-palma\/","url":"https:\/\/luisferdinand.com\/de\/house-de\/finca-mit-panoramablick-auf-das-meer-und-stadt-palma\/","name":"Real Estate - Jupiter X Templates","isPartOf":{"@id":"https:\/\/luisferdinand.com\/de\/#website"},"primaryImageOfPage":{"@id":"https:\/\/luisferdinand.com\/de\/house-de\/finca-mit-panoramablick-auf-das-meer-und-stadt-palma\/#primaryimage"},"image":{"@id":"https:\/\/luisferdinand.com\/de\/house-de\/finca-mit-panoramablick-auf-das-meer-und-stadt-palma\/#primaryimage"},"thumbnailUrl":"https:\/\/luisferdinand.com\/wp-content\/uploads\/2023\/04\/lf003-destacado.jpg","datePublished":"2023-04-08T17:56:40+00:00","dateModified":"2023-04-08T18:52:54+00:00","description":"Add all the necessary details, gain buyers' trust and showcase your properties and real estate using the filter and listing features that Jupiter X WP Theme's Real Estate website template offers.","breadcrumb":{"@id":"https:\/\/luisferdinand.com\/de\/house-de\/finca-mit-panoramablick-auf-das-meer-und-stadt-palma\/#breadcrumb"},"inLanguage":"de","potentialAction":[{"@type":"ReadAction","target":["https:\/\/luisferdinand.com\/de\/house-de\/finca-mit-panoramablick-auf-das-meer-und-stadt-palma\/"]}]},{"@type":"ImageObject","inLanguage":"de","@id":"https:\/\/luisferdinand.com\/de\/house-de\/finca-mit-panoramablick-auf-das-meer-und-stadt-palma\/#primaryimage","url":"https:\/\/luisferdinand.com\/wp-content\/uploads\/2023\/04\/lf003-destacado.jpg","contentUrl":"https:\/\/luisferdinand.com\/wp-content\/uploads\/2023\/04\/lf003-destacado.jpg","width":1920,"height":1080},{"@type":"BreadcrumbList","@id":"https:\/\/luisferdinand.com\/de\/house-de\/finca-mit-panoramablick-auf-das-meer-und-stadt-palma\/#breadcrumb","itemListElement":[{"@type":"ListItem","position":1,"name":"Portada","item":"https:\/\/luisferdinand.com\/de\/"},{"@type":"ListItem","position":2,"name":"House","item":"https:\/\/luisferdinand.com\/de\/house-de\/"},{"@type":"ListItem","position":3,"name":"Finca mit Panoramablick auf das Meer und Stadt Palma."}]},{"@type":"WebSite","@id":"https:\/\/luisferdinand.com\/de\/#website","url":"https:\/\/luisferdinand.com\/de\/","name":"Luis Ferdinand","description":"Real estate in Mallorca","publisher":{"@id":"https:\/\/luisferdinand.com\/de\/#organization"},"potentialAction":[{"@type":"SearchAction","target":{"@type":"EntryPoint","urlTemplate":"https:\/\/luisferdinand.com\/de\/?s={search_term_string}"},"query-input":{"@type":"PropertyValueSpecification","valueRequired":true,"valueName":"search_term_string"}}],"inLanguage":"de"},{"@type":"Organization","@id":"https:\/\/luisferdinand.com\/de\/#organization","name":"Luis Ferdinand","url":"https:\/\/luisferdinand.com\/de\/","logo":{"@type":"ImageObject","inLanguage":"de","@id":"https:\/\/luisferdinand.com\/de\/#\/schema\/logo\/image\/","url":"https:\/\/luisferdinand.com\/wp-content\/uploads\/2023\/03\/cropped-favicon-1.png","contentUrl":"https:\/\/luisferdinand.com\/wp-content\/uploads\/2023\/03\/cropped-favicon-1.png","width":512,"height":512,"caption":"Luis Ferdinand"},"image":{"@id":"https:\/\/luisferdinand.com\/de\/#\/schema\/logo\/image\/"},"sameAs":["https:\/\/www.youtube.com\/@luisferdinandbock9962"]}]}},"_links":{"self":[{"href":"https:\/\/luisferdinand.com\/de\/wp-json\/wp\/v2\/house\/4801","targetHints":{"allow":["GET"]}}],"collection":[{"href":"https:\/\/luisferdinand.com\/de\/wp-json\/wp\/v2\/house"}],"about":[{"href":"https:\/\/luisferdinand.com\/de\/wp-json\/wp\/v2\/types\/house"}],"author":[{"embeddable":true,"href":"https:\/\/luisferdinand.com\/de\/wp-json\/wp\/v2\/users\/1"}],"version-history":[{"count":4,"href":"https:\/\/luisferdinand.com\/de\/wp-json\/wp\/v2\/house\/4801\/revisions"}],"predecessor-version":[{"id":4810,"href":"https:\/\/luisferdinand.com\/de\/wp-json\/wp\/v2\/house\/4801\/revisions\/4810"}],"wp:featuredmedia":[{"embeddable":true,"href":"https:\/\/luisferdinand.com\/de\/wp-json\/wp\/v2\/media\/4762"}],"wp:attachment":[{"href":"https:\/\/luisferdinand.com\/de\/wp-json\/wp\/v2\/media?parent=4801"}],"wp:term":[{"taxonomy":"salerent","embeddable":true,"href":"https:\/\/luisferdinand.com\/de\/wp-json\/wp\/v2\/salerent?post=4801"},{"taxonomy":"state","embeddable":true,"href":"https:\/\/luisferdinand.com\/de\/wp-json\/wp\/v2\/state?post=4801"}],"curies":[{"name":"wp","href":"https:\/\/api.w.org\/{rel}","templated":true}]}}

<p>Finca mit Panoramablick auf das Meer und Stadt Palma. Die Finca hat zwei Häuser, beide mit Bewohnbarkeitsbescheinigung. Eines davon ist das ursprüngliche Haus mit schönen alten Steinmauern und es kann ausgebaut werden,. Sind ca. 130 Quadratmeter. Das zweite Haus (oberhalb des Grundstücks) verfügt über drei Schlafzimmer und drei Badezimmer, ein großes Wohnzimmer mit offener Küche und hat auch einen großen Keller und eine Garage. </p>
<p>Von der Poolarea besteht ein herrlicher Blick auf die Berge und die mallorquinische Landschaft.<br />
Die Immobilie verfügt über einen Anschluss an das Stromnetz und einen eigenen Brunnen sowie zwei Zisternen.</p>
<p>Santa María del Camí, häufiger einfach Santa María genannt, hat fast 7.000 Einwohner und ist in den letzten Jahren zu einem der begehrtesten Dörfer geworden, in denen man sowohl von Bewohnern als auch von Ausländern leben kann.</p>
