{"version":"1.0","provider_name":"Luis Ferdinand","provider_url":"https:\/\/luisferdinand.com\/de\/","author_name":"Luis Ferdinand","author_url":"https:\/\/luisferdinand.com\/de\/author\/luisfrealestate\/","title":"Moderne Eleganz im Retro-Style\u00a0 | Luis Ferdinand","type":"rich","width":600,"height":338,"html":"<blockquote class=\"wp-embedded-content\" data-secret=\"q2YZwZHGvC\"><a href=\"https:\/\/luisferdinand.com\/de\/house-de\/elegancia-moderna-en-estilo-retro\/\">Moderne Eleganz im Retro-Style\u00a0<\/a><\/blockquote><iframe sandbox=\"allow-scripts\" security=\"restricted\" src=\"https:\/\/luisferdinand.com\/de\/house-de\/elegancia-moderna-en-estilo-retro\/embed\/#?secret=q2YZwZHGvC\" width=\"600\" height=\"338\" title=\"&#8222;Moderne Eleganz im Retro-Style\u00a0&#8220; &#8211; Luis Ferdinand\" data-secret=\"q2YZwZHGvC\" frameborder=\"0\" marginwidth=\"0\" marginheight=\"0\" scrolling=\"no\" class=\"wp-embedded-content\"><\/iframe><script type=\"text\/javascript\">\n\/* <![CDATA[ *\/\n\/*! This file is auto-generated *\/\n!function(d,l){\"use strict\";l.querySelector&&d.addEventListener&&\"undefined\"!=typeof URL&&(d.wp=d.wp||{},d.wp.receiveEmbedMessage||(d.wp.receiveEmbedMessage=function(e){var t=e.data;if((t||t.secret||t.message||t.value)&&!\/[^a-zA-Z0-9]\/.test(t.secret)){for(var s,r,n,a=l.querySelectorAll('iframe[data-secret=\"'+t.secret+'\"]'),o=l.querySelectorAll('blockquote[data-secret=\"'+t.secret+'\"]'),c=new RegExp(\"^https?:$\",\"i\"),i=0;i<o.length;i++)o[i].style.display=\"none\";for(i=0;i<a.length;i++)s=a[i],e.source===s.contentWindow&&(s.removeAttribute(\"style\"),\"height\"===t.message?(1e3<(r=parseInt(t.value,10))?r=1e3:~~r<200&&(r=200),s.height=r):\"link\"===t.message&&(r=new URL(s.getAttribute(\"src\")),n=new URL(t.value),c.test(n.protocol))&&n.host===r.host&&l.activeElement===s&&(d.top.location.href=t.value))}},d.addEventListener(\"message\",d.wp.receiveEmbedMessage,!1),l.addEventListener(\"DOMContentLoaded\",function(){for(var e,t,s=l.querySelectorAll(\"iframe.wp-embedded-content\"),r=0;r<s.length;r++)(t=(e=s[r]).getAttribute(\"data-secret\"))||(t=Math.random().toString(36).substring(2,12),e.src+=\"#?secret=\"+t,e.setAttribute(\"data-secret\",t)),e.contentWindow.postMessage({message:\"ready\",secret:t},\"*\")},!1)))}(window,document);\n\/\/# sourceURL=https:\/\/luisferdinand.com\/wp-includes\/js\/wp-embed.min.js\n\/* ]]> *\/\n<\/script>\n","thumbnail_url":"https:\/\/luisferdinand.com\/wp-content\/uploads\/2023\/11\/Luis-Ferdinand-RE2.jpg","thumbnail_width":2048,"thumbnail_height":682,"description":"Bunyola, Illes Balears | Willkommen in dieser modernen und einladenden Villa, die eine perfekte Symbiose aus zeitgen\u00f6ssischer Eleganz und Wohlf\u00fchlatmosph\u00e4re in einem ruhigen Wohngebiet in der N\u00e4he von Palma schafft. Die Villa ist von majest\u00e4tischen Bergen und H\u00fcgeln umgeben, die eine malerische Kulisse bieten. Die \u00e4u\u00dfere Gestaltung der Villa pr\u00e4sentiert sich mit klaren Linien und einer abgerundeten Architektur, die eine harmonische Verbindung zur umgebenden Natur eingeht. Gro\u00dfe Fensterfl\u00e4chen lassen das nat\u00fcrliche Licht in die R\u00e4ume str\u00f6men und schaffen eine offene, luftige Atmosph\u00e4re. Die Helligkeit setzt sich im Inneren der Villa fort, wo die R\u00e4ume mit geschmackvollen M\u00f6beln und modernem Design gestaltet sind. Hochwertige Materialien und neutrale Farbpalette verleihen den Innenr\u00e4umen eine zeitlose Eleganz. Durchdachte Beleuchtung tr\u00e4gt dazu bei, eine warme und einladende Atmosph\u00e4re zu schaffen. Die Villa verf\u00fcgt \u00fcber gro\u00dfz\u00fcgige Wohnbereiche, die sich nahtlos mit Au\u00dfenterrassen verbinden, wodurch ein harmonischer \u00dcbergang zwischen Innen- und Au\u00dfenbereich entsteht. Die Au\u00dfenanlage ist liebevoll gestaltet und bietet einen privaten R\u00fcckzugsort mit einem gepflegten Garten und vielleicht sogar einem Pool, der Entspannung und Erholung verspricht. Die umliegende Natur und die ruhige Lage bieten einen idealen Rahmen f\u00fcr diese moderne Villa, die zugleich ein Zuhause und ein R\u00fcckzugsort ist. Sie verk\u00f6rpert die perfekte Balance zwischen urbanem Komfort und der nat\u00fcrlichen Sch\u00f6nheit der mallorquinischen Landschaft"}

Bunyola, Illes Balears | Willkommen in dieser modernen und einladenden Villa, die eine perfekte Symbiose aus zeitgenössischer Eleganz und Wohlfühlatmosphäre in einem ruhigen Wohngebiet in der Nähe von Palma schafft. Die Villa ist von majestätischen Bergen und Hügeln umgeben, die eine malerische Kulisse bieten. Die äußere Gestaltung der Villa präsentiert sich mit klaren Linien und einer abgerundeten Architektur, die eine harmonische Verbindung zur umgebenden Natur eingeht. Große Fensterflächen lassen das natürliche Licht in die Räume strömen und schaffen eine offene, luftige Atmosphäre. Die Helligkeit setzt sich im Inneren der Villa fort, wo die Räume mit geschmackvollen Möbeln und modernem Design gestaltet sind. Hochwertige Materialien und neutrale Farbpalette verleihen den Innenräumen eine zeitlose Eleganz. Durchdachte Beleuchtung trägt dazu bei, eine warme und einladende Atmosphäre zu schaffen. Die Villa verfügt über großzügige Wohnbereiche, die sich nahtlos mit Außenterrassen verbinden, wodurch ein harmonischer Übergang zwischen Innen- und Außenbereich entsteht. Die Außenanlage ist liebevoll gestaltet und bietet einen privaten Rückzugsort mit einem gepflegten Garten und vielleicht sogar einem Pool, der Entspannung und Erholung verspricht. Die umliegende Natur und die ruhige Lage bieten einen idealen Rahmen für diese moderne Villa, die zugleich ein Zuhause und ein Rückzugsort ist. Sie verkörpert die perfekte Balance zwischen urbanem Komfort und der natürlichen Schönheit der mallorquinischen Landschaft
